. Suppose -2*c - j*c = -2*k + 165, -2*c - 290 = -4*k. What is the highest common divisor of k and 14?
14
Suppose -4*w - 3*w + 35 = 0. What is the greatest common divisor of w and 10?
5
Let n(q) = q**3 + 10*q**2 + 7*q + 8. Let k be n(-8). Suppose 0 = -2*i - 3*i - k. Let r = i + 30. Calculate the greatest common factor of 56 and r.
14
Let g(d) = d**2 + d - 2. Let k be g(-4). Let l be 1/(-2) + (-3525)/(-50). Calculate the highest common factor of k and l.
10
Let n = 5 + -2. Suppose 0 = -n*h + 4*h + 1. Let i be (9/(-3))/(h/21). What is the greatest common factor of 7 and i?
7
Let v = -227 + 458. Calculate the highest common factor of v and 21.
21
Let c = 0 + 2. Suppose c*z = 3*a - a, -a = z - 6. Suppose 0*r - 4*r + 36 = 4*v, 5*r = z*v - 11. Calculate the highest common divisor of v and 7.
7
Let j be 3514/70 - 2/10. What is the greatest common divisor of 20 and j?
10
Suppose a - 70 = -0*a - 5*w, -2*w = 4*a - 352. Calculate the highest common factor of 36 and a.
18
Let f(w) = w**2 - 8*w + 1. Let x be f(9). Calculate the greatest common divisor of 70 and x.
10
Suppose o + 10 = 4*x, -4*x = -o - 2*o - 6. Let w(s) = -3*s**o - 5 - s**2 - 2*s**2 - s**3 + 6*s. Let l be w(-7). Calculate the highest common divisor of l and 4.
2
Let r(k) = -k**2 - 9*k + 2. Let t be r(-9). Suppose -t*z + 31 = 7. Let a = 0 + 3. Calculate the greatest common factor of z and a.
3
Let q be (15/10 + -2)*-72. Calculate the highest common factor of q and 24.
12
Let x(u) = -2*u**3 - u**2 - u. Suppose 0 = k - 5*k - 8. Let g be x(k). Suppose 0*q - 3*q = -6. What is the greatest common divisor of q and g?
2
Let j(k) = -5*k - 3. Let f be j(-5). Let r be (14/(-21))/(2/(-165)). What is the highest common divisor of f and r?
11
Let y = 5 + 12. Calculate the greatest common factor of y and 187.
17
Let o(p) = -p**3 + 5*p**2 - 2*p - 1. Let v be o(4). Let x(t) = 3*t + 5. Let l be x(v). What is the greatest common factor of l and 39?
13
Let b = 27 - -7. Suppose -b = -3*h + h. What is the highest common divisor of h and 170?
17
Let s(q) = 3*q - 7. Let n be s(5). Let y = -19 - -31. What is the greatest common factor of y and n?
4
Let a be -2 + 3 - (3 - 4). Suppose -a*l = -0*l - 72. What is the greatest common divisor of 6 and l?
6
Suppose -1 - 3 = u. Let o(c) = -5*c + 2. Let f be o(u). Calculate the highest common factor of 88 and f.
22
Let y be ((-24)/(-18))/((-17)/18 + 1). Calculate the highest common divisor of 6 and y.
6
Let s(g) = -g**3 - g**2 + 11. Let j be s(0). Let q = j + -3. Calculate the highest common divisor of 20 and q.
4
Let u = -4 + 36. Suppose 2*k - 4*g - 52 = 0, -5*k = -0*k + 4*g - 60. Calculate the greatest common divisor of u and k.
16
Let k = 0 - -4. Suppose -2*n = k*u - 360 + 150, -n = -5*u + 280. Calculate the highest common divisor of u and 11.
11
Let a be 2*10/3*18. Suppose a = 5*x + 5*f, 57 = 4*x - 5*f - 21. Calculate the greatest common factor of x and 33.
11
Let l = 0 - -6. Suppose 0*n = n - 5*i - 44, 0 = 4*i - 8. What is the greatest common divisor of l and n?
6
Let j be (9 - -1)*(5 + -3). Suppose j = 5*d - 60. Calculate the greatest common factor of 8 and d.
8
Let g(f) = -f - 11. Let h be g(-7). Let w be (-4)/(-8)*h - -24. What is the highest common factor of 11 and w?
11
Let g be (-2 - (-134 - 1)) + -3. Suppose -4*i - i = -20. Let v(q) = q**2 - 3. Let o be v(i). What is the greatest common factor of o and g?
13
Suppose 4*s - s = -2*d + 114, 0 = 5*s + d - 183. Suppose 0 = -4*t + 6*t - 6. Let f be ((-3)/(-6))/(t/144). Calculate the greatest common divisor of s and f.
12
Suppose -2*c + 2*w = 2, -4*w + 6 = -2*w. Suppose 3*f + 11 = 5*u - 5, -f = 2. Suppose -7*y = -u*y - 70. Calculate the greatest common divisor of y and c.
2
Suppose y + 1 - 4 = 0. Let f be y*((-168)/(-9))/4. Calculate the highest common factor of f and 56.
14
Suppose 9 = -3*q, -3*l = -4*q - 6 - 90. What is the greatest common factor of l and 4?
4
Let n = -31 + 69. Calculate the highest common divisor of n and 38.
38
Let y(i) = i**2 + 3*i + 18. Let c be y(-12). Calculate the highest common factor of 18 and c.
18
Suppose u - 102 = 3*g, 5*g = 5*u - 527 + 57. What is the highest common divisor of 5 and u?
5
Let q = 22 - -33. Suppose 5*b = q - 160. Let a be b/((-2)/(4/3)). What is the highest common factor of a and 7?
7
Suppose 7*q = 77 - 21. What is the greatest common divisor of q and 24?
8
Suppose -l - 5 = 2*w, l + w + 2 = 1. Suppose v + 2 - 4 = -2*f, 2*v = -f + 19. Let u = v - 9. Calculate the greatest common factor of u and l.
3
Let v = 40 - 34. Let u = 31 + 17. Calculate the greatest common divisor of u and v.
6
Let g = -276 + 531. Calculate the highest common divisor of g and 15.
15
Let d be 2/3 - 1/((-3)/58). Let j be 8/6*6/2. Calculate the greatest common divisor of d and j.
4
Suppose -4*m - m + 45 = 0. Suppose m + 9 = 2*i. What is the greatest common factor of i and 63?
9
Let i(s) = -s**3 + 6*s**2 + 7*s + 10. Suppose q = -3*a + 4, -32 - 4 = -5*q + a. Let z be i(q). What is the greatest common divisor of 70 and z?
10
Suppose -2*r - 3 = 3*j, -3 = 4*j - j. Let c be (r - 0)/(-3) - -72. Suppose 2*a - 214 = c. Calculate the highest common divisor of 13 and a.
13
Let d = 3 - 1. Calculate the greatest common divisor of d and 6.
2
Suppose 2*d + 2*d - 4*y - 36 = 0, -35 = -5*d + 3*y. Suppose 4*s - 48 = -2*a, 120 = d*a + a + s. What is the highest common divisor of a and 8?
8
Suppose 4*o = -2*g - 502, -2*g - 2*g = 4*o + 504. Let c = -65 - o. Calculate the highest common divisor of c and 15.
15
Let j(g) = 5*g + 3*g + 7*g - g**2 + 14. Let v be j(13). Suppose -3*d = -4 - 11. Calculate the highest common factor of v and d.
5
Let g = 10 - 5. Suppose g*v - 193 = -3*a - a, 5*a = -2*v + 220. Suppose -54 - 30 = -3*y. What is the highest common factor of a and y?
14
Suppose 2*h + 90 = 7*h. What is the greatest common factor of 72 and h?
18
Let s(n) be the first derivative of n**3/3 - 5*n**2/2 + 5*n - 1. Let x be s(4). Suppose -4*t + 27 = -x. Calculate the highest common divisor of t and 21.
7
Let x be -12*3/12*-2. Let f be x/(-18) - (-1028)/6. Calculate the greatest common factor of f and 19.
19
Let z be (-4)/6 + 35/21. Let d be 9 + 72 - (1 - z). Calculate the highest common factor of 9 and d.
9
Let u = 7 + -6. What is the highest common factor of u and 9?
1
Suppose -3*t = -6*t + 1137. Suppose 5*q = p + t, -2*q - 2*p + 154 = -0*q. Calculate the greatest common factor of q and 19.
19
Let d(f) = 3*f - f + 4*f. Let b be d(1). Suppose 3*h = 0, -2*h = -3*s + 6 - 0. What is the highest common divisor of s and b?
2
Suppose -2*g + 540 = 3*g. What is the greatest common factor of g and 12?
12
Suppose 0 = 4*h - 33 - 7. Suppose -4*y = -3*y - h. Let b = -28 + 33. Calculate the greatest common divisor of b and y.
5
Suppose 0 = 3*s + o - 6, -o - 7 + 1 = -s. What is the highest common divisor of 9 and s?
3
Let o be 8 + 1 - (6 - 5). Calculate the highest common divisor of o and 88.
8
Let c(x) = -x**2 + 9*x + 7. Let r be c(9). Suppose 0 = 4*v - 301 - 931. Suppose 0*d + v = 4*d. Calculate the highest common factor of d and r.
7
Suppose -3*p + 18 = -33. Let h = 30 - p. Calculate the highest common divisor of 13 and h.
13
Let z be (-1)/(-18)*-4 + (-101)/(-9). What is the greatest common divisor of 55 and z?
11
Suppose 15 = -q + 6*q + 3*u, 3*u = 2*q - 6. Let m(x) = -2*x - 1. Let d be m(q). Let i = d - -41. Calculate the greatest common divisor of i and 17.
17
Let n(z) = 3*z**3 - 2*z**2 + z + 1. Let k be n(2). Let v = 40 - k. What is the highest common factor of v and 3?
3
Suppose -3*o = -n + 7, 0 = -n - 0*o + 2*o + 10. Suppose 6*b - n = 2*b. Calculate the highest common factor of 4 and b.
4
Let n(g) = -2*g**3 - g**2 - 5*g - 6. Let f be n(-4). Suppose 0*d - f = -d. Let r(b) = -4*b - 2. Let l be r(-5). What is the highest common factor of d and l?
18
Let t be -26*(2 + -2 + 1). Let n = t + 53. What is the greatest common factor of 18 and n?
9
Let d = 9 + -7. Suppose -p + d*p = 18. What is the greatest common divisor of 18 and p?
18
Suppose 5*t = -t + 18. Let x(r) = -r - 2. Let m be x(0). Let h(g) = 3*g**2 + 3*g. Let b be h(m). What is the highest common divisor of b and t?
3
Let o be (-1 + 3)/(2/3). Let s be ((-18)/8)/((-3)/24). Suppose a - 26 = -o*c - a, -2*c = a - s. Calculate the greatest common factor of 5 and c.
5
Let w(j) = 3*j + 12. L